Is 98 a factor of 3327133026?
True
Does 10 divide 17266230?
True
Is 5393121 a multiple of 321?
True
Is 1188528410 a multiple of 67?
True
Does 118 divide 68077262?
False
Is 25006142 a multiple of 14?
True
Is 4 a factor of 15021010?
False
Is 278 a factor of 41438680?
True
Is 2137 a factor of 1396576514?
True
Does 14 divide 90646066?
True
Does 11 divide 3838395?
True
Is 11 a factor of 143769945?
True
Is 193810629 a multiple of 2711?
False
Is 172420 a multiple of 11?
False
Does 2505 divide 1270453335?
True
Does 99 divide 16393212?
True
Is 36 a factor of 19734228?
True
Is 103 a factor of 204281548?
True
Is 617 a factor of 3053533?
True
Is 135 a factor of 46962362?
False
Is 5387670 a multiple of 41?
False
Does 336 divide 62831125?
False
Does 59 divide 44412427?
True
Is 1841293891 a multiple of 22?
False
Does 110 divide 2283145?
False
Does 2109 divide 48391005?
True
Is 24 a factor of 800134896?
True
Does 2992 divide 139819152?
True
Does 6459 divide 1416239094?
True
Is 95653558 a multiple of 286?
True
Is 253 a factor of 44567468?
True
Does 16 divide 102878933?
False
Does 14 divide 679334796?
True
Is 3066862 a multiple of 129?
False
Does 984 divide 1082237504?
False
Is 12 a factor of 630718857?
False
Is 521261005 a multiple of 67?
True
Is 19 a factor of 378807855?
False
Does 84 divide 25758086?
False
Is 980 a factor of 146731480?
True
Is 63 a factor of 80904623?
False
Is 3667184 a multiple of 581?
False
Does 5 divide 291155978?
False
Is 14974430 a multiple of 18?
False
Is 20396662 a multiple of 13?
True
Is 13 a factor of 111092322?
False
Does 30 divide 2491159094?
False
Is 469004 a multiple of 4?
True
Does 18 divide 716880915?
False
Does 22 divide 563490251?
False
Does 1065 divide 17627675?
False
Is 65939783 a multiple of 91?
True
Does 6 divide 30534270?
True
Does 50 divide 29436750?
True
Does 112 divide 257162864?
True
Does 55 divide 19682625?
False
Is 3130 a factor of 463806530?
True
Is 149957391 a multiple of 9?
False
Is 11528400 a multiple of 5?
True
Is 385561888 a multiple of 1357?
False
Is 35477343 a multiple of 33?
True
Is 1040 a factor of 612519328?
False
Is 5168 a factor of 188880064?
True
Does 25 divide 31650125?
True
Is 28071075 a multiple of 19?
True
Is 40824878 a multiple of 228?
False
Is 4 a factor of 2067085?
False
Is 297322256 a multiple of 1232?
True
Does 188 divide 87836984?
True
Is 300 a factor of 27559640?
False
Does 1865 divide 27683155?
False
Is 395 a factor of 7908295?
True
Is 13 a factor of 2352090?
True
Is 38 a factor of 39659167?
False
Is 2 a factor of 76850568?
True
Is 156 a factor of 68239860?
True
Does 7 divide 163021925?
False
Is 1723 a factor of 189013737?
False
Is 129 a factor of 1177278828?
False
Is 16 a factor of 14645568?
True
Is 5238666 a multiple of 88?
False
Is 2542051947 a multiple of 251?
True
Is 8414460 a multiple of 180?
True
Is 463961789 a multiple of 17?
False
Is 205778240 a multiple of 115?
True
Does 4 divide 114553300?
True
Does 43 divide 27107628?
False
Does 13 divide 247581531?
False
Is 1143589180 a multiple of 36?
False
Is 60 a factor of 21900600?
True
Is 27575118 a multiple of 38?
True
Is 36 a factor of 28704996?
True
Does 1032 divide 1412288904?
True
Is 286971930 a multiple of 763?
True
Is 906053700 a multiple of 12?
True
Is 312 a factor of 16741608?
True
Is 535 a factor of 260407700?
False
Is 153 a factor of 164432788?
False
Is 250 a factor of 759392750?
True
Is 688 a factor of 8964742?
False
Is 700693979 a multiple of 20?
False
Is 74998374 a multiple of 4?
False
Does 8 divide 2372088?
True
Is 550526512 a multiple of 8?
True
Does 2590 divide 129805620?
True
Is 633266201 a multiple of 3829?
False
Is 116 a factor of 89525084?
False
Is 1114 a factor of 1627913281?
False
Is 310 a factor of 12289649?
False
Is 4 a factor of 8180483?
False
Does 106 divide 99303662?
True
Is 104190547 a multiple of 143?
False
Is 538 a factor of 1694617?
False
Does 66 divide 148513530?
True
Is 304 a factor of 768926837?
False
Is 736 a factor of 1574526223?
False
Is 39627682 a multiple of 853?
False
Is 4 a factor of 8606877?
False
Is 24344727 a multiple of 998?
False
Is 879 a factor of 856257679?
False
Is 52132970 a multiple of 31?
False
Does 9 divide 26575291?
False
Is 45157172 a multiple of 1412?
True
Does 108 divide 23915891?
False
Does 68 divide 18423444?
True
Is 133652856 a multiple of 1174?
True
Is 96 a factor of 9042624?
True
Is 50 a factor of 303324537?
False
Is 5604190 a multiple of 29?
False
Does 115 divide 4113790?
False
Is 565 a factor of 1677893601?
False
Is 28 a factor of 23109466?
False
Is 110 a factor of 92038870?
True
Is 9529 a factor of 621876351?
False
Is 1354 a factor of 730098464?
True
Is 2101118 a multiple of 285?
False
Does 1653 divide 13985020?
False
Is 111 a factor of 29451202?
False
Is 79 a factor of 412090386?
True
Is 95485005 a multiple of 15?
True
Does 258 divide 17733212?
False
Is 44 a factor of 76748925?
False
Is 167091091 even?
False
Is 1072 a factor of 515091842?
False
Is 88 a factor of 4464944?
True
Is 34 a factor of 6276838626?
False
Is 18 a factor of 25670501?
False
Is 9466317 a multiple of 483?
True
Is 387 a factor of 17509189?
False
Is 305 a factor of 19469065?
True
Is 234058467 a multiple of 219?
False
Is 67 a factor of 315807913?
False
Is 2687 a factor of 48932987?
False
Is 1872695680 a multiple of 9508?
True
Is 930 a factor of 766189800?
True
Is 22 a factor of 77719400?
True
Is 43410271 a multiple of 86?
False
Is 19765165 a multiple of 35?
True
Is 1290 a factor of 36500550?
True
Is 981128016 a multiple of 242?
True
Is 51339112 a multiple of 478?
True
Is 67 a factor of 229708763?
True
Does 1153 divide 162615661?
True
Is 10 a factor of 1149910250?
True
Is 8 a factor of 2230464?
True
Is 6 a factor of 40895034?
True
Is 55 a factor of 64947850?
True
Does 33 divide 28103882?
False
Does 1534 divide 910134472?
True
Does 149 divide 440686932?
False
Is 1810778009 a multiple of 245?
False
Is 47770017 a multiple of 138?
False
Is 40156488 a multiple of 8?
True
Does 8 divide 44006008?
True
Does 157 divide 4417038?
True
Is 89 a factor of 25568454?
True
Is 93408847 a multiple of 2624?
False
Is 87946555 a multiple of 1348?
False
Does 93 divide 2515014622?
False
Does 54 divide 987974085?
False
Is 1344904414 a multiple of 34?
False
Does 1648 divide 870689371?
False
Does 58 divide 60164560?
True
Is 280846 a multiple of 224?
False
Does 4957 divide 3623055428?
False
Is 609 a factor of 181950662?
False
Does 589 divide 8234272?
False
Is 13773258 a multiple of 5?
False
Is 248 a factor of 21083866?
False
Is 20192054 a multiple of 2?
True
Is 15 a factor of 14087430?
True
Is 526 a factor of 25879570?
False
Is 612 a factor of 4741930094?
False
Is 30 a factor of 9379767?
False
Is 16835910 a multiple of 3?
True
Is 2562 a factor of 39129426?
True
Is 514 a factor of 695574612?
True
Does 36 divide 97705843?
False
Is 1349413796 a multiple of 4257?
False
Is 13 a factor of 23735595?
True
Is 11502240 a multiple of 90?
False
Does 331 divide 427669874?
True
Is 4876850020 a multiple of 2114?
True
Is 58 a factor of 1959099045?
False
Is 282 a factor of 2051571714?
True
Is 1025749072 a multiple of 29?
False
Is 73 a factor of 1676080?
True
Is 201510089 a multiple of 12?
False
Is 589 a factor of 71592605?
False
Does 1420 divide 10891400?
True
Is 384173437 a multiple of 569?
True
Is 532 a factor of 83962885?
False
Is 242 a factor of 6328784?
True
Does 6 divide 2615988?
True
Is 2 a factor of 22740161?
False
Is 49620167 a multiple of 136?
False
Is 1026 a factor of 206072593?
False
Is 9 a factor of 13406117?
False
Is 78106798 a multiple of 277?
True
Does 98 divide 124762036?
True
Does 9 divide 41487084?
True
Does 42 divide 70360906?
False
Is 8737252029 a multiple of 81?
True
Is 8072460 a multiple of 2718?
True
Is 1205 a factor of 671442686?
False
Is 23331344 a multiple of 83?
False
Is 7 a factor of 5713033?
False
Does 19 divide 572966201?
False
Is 52 a factor of 13185274?
False
Is 434432645 a multiple of 57?
False
Does 20 divide 59702537?
False
Is 42574436 a multiple of 77?
False
Does 848 divide 22378720?
True
Is 4 a factor of 108590496?
True
Is 38675338 a multiple of 9?
False
Is 661 a factor of 173596652?
False
Is 983 a factor of 31417663?
True
Does 1155 divide 9250017?
False
Does 13 divide 50807112?
False
Does 250 divide 494379250